39 = 2*m - 5*d. List the prime factors of m.
2, 3
Let u(s) = -s**3 - 4*s**2 + 4*s - 3. Let q be u(-5). Suppose -q*a = -1 - 5. Suppose 0 = -3*j + 14 - 2, -a = b - 2*j. List the prime factors of b.
5
Let q be 21 + 5/((-5)/(-3)). Let p = q - 10. List the prime factors of p.
2, 7
Let y(f) = f - 1. Let m be y(3). Let n(p) = -m*p + p**2 + 4 - 1 + p**3 + 0. List the prime factors of n(2).
11
Let z be -5*-4*1/5. Let k = -2 + z. Suppose -k*c + 0*c = -28. What are the prime factors of c?
2, 7
Let m(k) = 18*k**3 + 2*k**2 - 1. Let r be m(1). Let i = r - 8. Suppose i = 3*f - 22. List the prime factors of f.
11
Suppose 0 = s - 4. Let p(c) = -c**3 - 5*c**2 - 3*c + 5. Let m be p(-4). What are the prime factors of m*s/2 - -1?
3
Let w = 3 + 14. What are the prime factors of w?
17
Let q(i) = -45*i - 4. List the prime factors of q(-2).
2, 43
Let j(g) = 3*g - 25. Let u be j(10). Let p = u - -17. What are the prime factors of p?
2, 11
Suppose 482 + 113 = 7*v. List the prime factors of v.
5, 17
Suppose 0 = -5*m + 2*m. Suppose l - 4*l + 48 = m. What are the prime factors of l?
2
Let b(c) = c**2 + 9. Let n be b(0). Let j = n + -2. Suppose -3*m = -2*q + 6*q - 21, 3*q - j = -4*m. What are the prime factors of q?
3
Let u be 2/11 + (-258)/(-33). What are the prime factors of (-86)/(-8) + 2/u?
11
Let s(r) = -r**2 - 4*r**2 + 4*r**2 - 4 - 4*r + 2*r**2. Suppose 8 = 4*i - 5*h, -2*i + i - 23 = 5*h. List the prime factors of s(i).
17
Suppose 0 = -3*h + 15 - 3. Suppose -3*i - 32 = -7*i. Let d = i - h. What are the prime factors of d?
2
Suppose b = -0*b. Suppose 2*n - 2*d = 4, b = -5*n - 0*d + d + 10. Suppose -2*z - z - 2*k = 4, -z + n*k + 12 = 0. List the prime factors of z.
2
Suppose 0 = 2*r - r - 2*o - 10, -4*o + 4 = 4*r. Suppose -r*y + 0*y = -24. What are the prime factors of y?
2, 3
Let q(r) = r**3 - 3*r**2 + 3. Let b be q(3). What are the prime factors of b - (-1)/(2/36)?
3, 7
Let h = -69 - -43. Let j = h + 44. Suppose -5*k + j = -2*k. What are the prime factors of k?
2, 3
Let y(j) = j**3 + 3*j - 7 - 6*j**2 + j + 0*j**3. Let u be y(6). Let i = -12 + u. List the prime factors of i.
5
List the prime factors of (1 - (-15)/(-9))/((-6)/450).
2, 5
Let z(l) be the first derivative of 4*l**3/3 - l**2 + 3*l + 1. Let i be z(-3). Suppose 0 = -4*a - 13 + i. What are the prime factors of a?
2
Let l = -176 + 210. What are the prime factors of l?
2, 17
Let u = 456 + -291. List the prime factors of u.
3, 5, 11
Suppose 5*z = 5 - 345. Let t = -28 - z. What are the prime factors of t?
2, 5
Let k = -1 - -4. Suppose 0*z - 5*u = z - 8, 4*z + k*u = 32. Suppose -z = -4*p, 3*q + 2*p = 7*q - 60. What are the prime factors of q?
2
Suppose -4*k = a - 16, 2*a - 3*a - 3*k = -13. Suppose 46 = z + a. List the prime factors of z.
2, 3, 7
Let z(n) = -n + 6. Suppose -2*l + 16 = -4*h, -5*h - 17 = 5*l + 3. What are the prime factors of z(l)?
2, 3
Suppose -5*o = 4 - 29. Suppose o*n = -3*k + 29, -3*n + 3*k = -0*k - 3. Suppose 4*r + p = 24, 5*p - 30 = -n*r + 2*r. What are the prime factors of r?
5
Let l(p) = p**3 + 4*p**2 - 5*p + 4. Let q be l(-5). Suppose 0 = -0*z - q*z - 12. What are the prime factors of -18*z/6 + -1?
2
Let p be 3/12 + 46/8. Suppose 0 = -s + p*s - 265. What are the prime factors of s?
53
Let x(s) = 2*s + 8. Let y be x(-9). Let l = y - -15. What are the prime factors of l?
5
Let g(q) = q**2 - q. Let l(k) = -5*k**2 + 5*k - 4. Let j(a) = -4*g(a) - l(a). List the prime factors of j(5).
2, 3
Suppose 15*f + 312 = 16*f. List the prime factors of f.
2, 3, 13
Let o = 4 + -2. Let l be (-2)/10 + (-142)/(-10). Suppose -k = 5*h - l, -2*h + 6 - o = 2*k. List the prime factors of h.
3
Let y(r) = r**2 + 6*r + 11. What are the prime factors of y(-10)?
3, 17
Suppose -3 = -b - 1. Let k be 0/((-2)/(-1)*1). Let n = b - k. What are the prime factors of n?
2
Suppose 0 = 3*m - m - 40. Suppose -4*k - 73 + m = -p, p - 5*k - 53 = 0. Suppose q + 0*g - 21 = 5*g, 3*q - 5*g - p = 0. List the prime factors of q.
2
Suppose -29 - 75 = -4*g. List the prime factors of g.
2, 13
Suppose 5*k = -2*j + 570 + 177, 4*k - 599 = -3*j. List the prime factors of k.
149
Let x(v) = 26*v**2 - 2*v - 1. Let f be 20/(-25)*5/(-2). Let n be x(f). Suppose 0*u = 3*u - 3, 0 = 5*s - u - n. What are the prime factors of s?
2, 5
Suppose 4*i = 4*a + 248, a = 3*i + 3*a - 181. List the prime factors of i.
61
Let o(g) = 3*g - 16. What are the prime factors of o(9)?
11
Let b(v) = -v**3 - 8*v**2 - 5*v + 4. List the prime factors of b(-8).
2, 11
Suppose 4*r = -r - 15. Let b be 2 - (0/r + 1). List the prime factors of 16 - -4 - (b + -2).
3, 7
Let h(l) be the second derivative of l**5/20 + l**4/4 - l**3 - l**2 - 3*l. What are the prime factors of h(-4)?
2, 3
Let x = -6 + 8. Suppose 0 = x*p - 7*p + 35. What are the prime factors of p?
7
Suppose 31 = z - j, -1 = 3*j - 4. What are the prime factors of z?
2
Let s = 293 - 112. List the prime factors of s.
181
Let v = 0 + -5. Let f(h) = h**2 - 7. What are the prime factors of f(v)?
2, 3
Let v(z) = z**3 + 7*z**2 + z + 4. Let t be v(-7). Let s = t - -2. What are the prime factors of (12/16)/(s/(-4))?
3
Suppose -2*t = 5*c - 6, -7*c = -3*c + t - 6. Suppose c*n + 3*n = 20. Suppose d - 30 + 8 = n*k, -5*k = d - 4. List the prime factors of d.
2, 7
Suppose 5*k - 5*s + 25 = 0, -3*k + 5*s = 24 - 3. Suppose -4*j = -5 + 21. Let u = k - j. List the prime factors of u.
2
Let h be (-1 + -1)/(-6 - -4). Let x be (-4)/(((-3)/6)/h). Let d = 14 - x. List the prime factors of d.
2, 3
Let q = -9 + 11. Suppose 0 = -3*n - 4*d + 27, -q*d = 5*n - 20 - 11. What are the prime factors of n?
5
Let i(k) = -k + 4. Let p be i(-9). Suppose 0 = 2*o - 23 - p. List the prime factors of o.
2, 3
Let h(p) = -7*p - 11. Suppose 4*y = 2*b + 24, 47 = -5*b + 4*y - 1. What are the prime factors of h(b)?
3, 5
Suppose -3*g + 32 = -5*i - 5, 2*g - 10 = -4*i. Suppose -5*w = -31 - g. What are the prime factors of w?
2
Let c be 2*3/6 - 3. Let l be 46 + (-1)/c*-2. What are the prime factors of ((-36)/(-15) + -2)*l?
2, 3
Suppose 4*x + 160 = 3*y, 4*y + 2*x = 6*x + 220. List the prime factors of y.
2, 3, 5
Let d(c) = 6*c**2 - c - 1. What are the prime factors of d(-1)?
2, 3
Let d = -2 + 4. Suppose -79 = -5*h - f, -5*h = -d*f - 58 - 24. Suppose h = 3*a - 5*r, 0*a - a - 2*r + 9 = 0. What are the prime factors of a?
7
Suppose 2*j = -2*d + 4 + 2, -2*j = 5*d - 6. Suppose 33 + 0 = j*r. Suppose 0 = -3*b + r + 34. List the prime factors of b.
3, 5
Let w be (-4)/(-22) - 40/(-22). Suppose 3*v - w*v - 2 = 0. Let g = v - -3. What are the prime factors of g?
5
Suppose -v = 2, 5*h - 5*v + 132 = -v. Let n = -12 - h. What are the prime factors of n?
2
Let u be 12/20 + 12/5. Suppose -n = u*n. Suppose -s + 3 = -n. What are the prime factors of s?
3
Let l(j) = 2*j. Let m = -20 + 21. What are the prime factors of l(m)?
2
Let r be ((-6)/(-4))/((-3)/(-6)). Suppose -p - 3*j = -22, -4*j - r = -j. What are the prime factors of p?
5
Suppose 3*v = -j + 32, -3*v = -5*v + 8. List the prime factors of j.
2, 5
Suppose 5*k + 4 = -6. Let d be (14/(-4))/(1/k). Suppose -3*f = -2*f - d. List the prime factors of f.
7
List the prime factors of (-13)/(2 - (-21)/(-9)).
3, 13
Let z(q) = q**2 + 3*q - 8. Let o = -10 - -18. Let d be z(o). Suppose -2*j - d = -6*j. What are the prime factors of j?
2, 5
Let l(h) = -h - 1. Let y be l(-4). Suppose y*w = 21 + 15. What are the prime factors of (-119)/(-11) - w/(-66)?
11
Let i(a) = a**2 - a + 1. Suppose q - 2*q = -22. Let w be q/6 + (-4)/6. What are the prime factors of i(w)?
7
Let b(h) = 9*h**2. Suppose -3*u = -8*u. Suppose 0 = -4*g + 4*k - 4, 3*g + u*k + 4*k = -3. What are the prime factors of b(g)?
3
Suppose -4*y - 2*p = -0*p - 296, -y - 4*p + 74 = 0. What are the prime factors of y?
2, 37
Let i(v) = v**2 + 2*v. List the prime factors of i(4).
2, 3
Let i = 132 - 77. List the prime factors of i.
5, 11
Suppose 6*t = 10*t - 100. What are the prime factors of t?
5
Suppose -2*r + 2*t - 398 = 0, -4*r + 7*r - 4*t = -592. List the prime factors of r/(-15) - 3/5.
13
Suppose 4*d - 364 = -k, 2*d - 4*d = -2*k - 192. What are the prime factors of d?
2, 23
Let i(n) = -2*n + 6. Let h(g) = 1. Let j(p) = 5*h(p) - i(p). Let u be j(2). Suppose 18 = -v + u*v. What are the prime factors of v?
3
Let o(r) = 7*r + 75. List the prime factors of o(0).
3, 5
Let n(l) = l**2 + l + 4. Let z be n(-